15, what is -6 - 42b41?
-42b47
In base 4, what is 1331101023001 - 2?
1331101022333
In base 3, what is -1000 - -22112222112?
22112221112
In base 2, what is -1000011111011111100 + 101?
-1000011111011110111
In base 11, what is 6a82 - -2863?
9835
In base 12, what is -592691 - 1?
-592692
In base 5, what is 20300414 - -22?
20300441
In base 11, what is -673 + -3a75a0?
-3a8163
In base 7, what is -14 - 455501263?
-455501310
In base 6, what is -101512510 + 5?
-101512501
In base 9, what is -8 + 30177326?
30177317
In base 7, what is -53 - -1202044?
1201661
In base 2, what is -101010 - -1001001011110111101110000?
1001001011110111101000110
In base 7, what is -1460 + 15613?
14123
In base 12, what is 6485a38 + 12?
6485a4a
In base 10, what is 1180823 - -122?
1180945
In base 7, what is -213516 - -50343?
-133143
In base 14, what is -4728037 + 5?
-4728032
In base 16, what is -2 - 3da828f?
-3da8291
In base 13, what is 4 - 4c19bb?
-4c19b7
In base 15, what is 53c451 - 5?
53c44b
In base 9, what is -8237 + -13885?
-23233
In base 14, what is 1360377 + -1?
1360376
In base 13, what is -2c6a73 - -20?
-2c6a53
In base 9, what is -76703 + 34?
-76658
In base 5, what is -3124144 - -2240?
-3121404
In base 4, what is -1113203 + 20232221?
13113012
In base 5, what is 3344344002 + -2?
3344344000
In base 16, what is 1 + -293a419?
-293a418
In base 11, what is -2 - 17728294?
-17728296
In base 10, what is 5085857 - 20?
5085837
In base 4, what is 3122302211 - -100?
3122302311
In base 13, what is -4b1c11 - b0?
-4b1cc1
In base 12, what is -5352135 - 3?
-5352138
In base 12, what is 7746470 - 4?
7746468
In base 13, what is 2 + -1268684b?
-12686849
In base 9, what is -14 - 45187471?
-45187485
In base 4, what is 3 + 203120032003?
203120032012
In base 16, what is -3a86 - -4671?
beb
In base 3, what is -1101121 + 1012122102012?
1012121000121
In base 8, what is 21530716 - 11?
21530705
In base 4, what is -2232212220 - -132?
-2232212022
In base 9, what is -2 - 120522358?
-120522361
In base 5, what is -111331100 - 4?
-111331104
In base 4, what is 23 - 1320210011110?
-1320210011021
In base 6, what is 5 - -1252004134?
1252004143
In base 7, what is 23162 - -162421?
215613
In base 7, what is 1601 - 1006056?
-1004155
In base 16, what is 32 + 29a9?
29db
In base 11, what is 1664 + 8040?
96a4
In base 13, what is 2 - 2003292?
-2003290
In base 4, what is -20132 + -1202302?
-1223100
In base 6, what is -1411313321 + -5?
-1411313330
In base 3, what is -111110010 - 1220210?
-120100220
In base 5, what is 10233 + -243231100?
-243220312
In base 2, what is -1010111101 + -1111010010101?
-10000101010010
In base 13, what is -302 + 25613?
25311
In base 13, what is -29 - a3133?
-a315c
In base 15, what is -a171b + 1?
-a171a
In base 13, what is -520311 + -b0?
-5203c1
In base 16, what is 82cc454 + 0?
82cc454
In base 6, what is -442441402 - -5?
-442441353
In base 4, what is -20133102302 + -222?
-20133103130
In base 15, what is -2 - -8c8918?
8c8916
In base 2, what is -1101000110100 + -11000110010111?
-100101111001011
In base 4, what is 130030122032 + -2?
130030122030
In base 6, what is 425310 - 414?
424452
In base 15, what is -eadda + 10?
-eadca
In base 5, what is 1 - -332114314?
332114320
In base 12, what is 5533a86 + 28?
5533ab2
In base 13, what is 769c8a7b - -4?
769c8a82
In base 5, what is -2 - 344303020?
-344303022
In base 10, what is -1154 - 3942?
-5096
In base 9, what is -1165872 - 231?
-1166213
In base 10, what is -143 + -77964?
-78107
In base 9, what is 60785 - -4816?
65712
In base 3, what is 22201001002022020 + 1?
22201001002022021
In base 4, what is -2 - 3320011302302?
-3320011302310
In base 13, what is -345 - -31cc?
2b87
In base 15, what is -54793 - -49?
-54749
In base 6, what is 2 - 3241330043?
-3241330041
In base 2, what is 101 - -10000010111000001001111?
10000010111000001010100
In base 13, what is 1 - 402463?
-402462
In base 11, what is 1 - 3a2455?
-3a2454
In base 11, what is 4 - 15459690?
-15459687
In base 5, what is -213001 + 3121211?
2403210
In base 13, what is 8558 - -1ac3?
a34b
In base 9, what is 200577 + 125?
200713
In base 16, what is 3a79 - fe1?
2a98
In base 15, what is -44e3 + 4ae?
-4034
In base 9, what is -107566 + 183?
-107373
In base 10, what is 15 + -17515611?
-17515596
In base 5, what is 2423 + -211213?
-203240
In base 6, what is 24155 + 3440124?
3504323
In base 5, what is 2322033422 + -2?
2322033420
In base 8, what is 221 - -72142?
72363
In base 9, what is -83652663 + 1?
-83652662
In base 9, what is 8338 - -764?
10213
In base 7, what is -5 + 34116560?
34116552
In base 4, what is 20031 + -120001303?
-113321212
In base 8, what is 372106 + 36?
372144
In base 13, what is 111 - 55762?
-55651
In base 10, what is -46988656 + 6?
-46988650
In base 11, what is 290 + -1111a?
-1093a
In base 6, what is 35021313204 + 1?
35021313205
In base 13, what is -4 - 113c2?
-113c6
In base 5, what is -1443142 + -21040?
-2014232
In base 13, what is 77c0025 - c?
77c0016
In base 13, what is 1588588b - 2?
15885889
In base 14, what is -417 + -6508a?
-654a3
In base 3, what is 1 - -1002111022210102211?
1002111022210102212
In base 5, what is 3330021 - 43?
3324423
In base 14, what is -6977611 - -1?
-6977610
In base 8, what is -1273300 - -2230?
-1271050
In base 10, what is 1089 - 3416?
-2327
In base 12, what is -19a6 - -b11?
-a95
In base 8, what is -14071511143 - 4?
-14071511147
In base 15, what is 4e045 + a?
4e050
In base 6, what is 1 - 5315504?
-5315503
In base 11, what is 9427 - -159?
9585
In base 12, what is -3 - a91110?
-a91113
In base 16, what is -2751194 + 9?
-275118b
In base 10, what is 13887044 - -15?
13887059
In base 10, what is 30378 - 47?
30331
In base 11, what is 8146 - -113a?
9285
In base 15, what is c770716 - 5?
c770711
In base 11, what is 4511720 - 1?
451171a
In base 9, what is -38138417 + -2?
-38138420
In base 11, what is 4 - 6802751?
-6802748
In base 13, what is 2 + -1703895?
-1703893
In base 8, what is -45035337 + 2?
-45035335
In base 7, what is 14360 + 100641?
115331
In base 5, what is 100044 - -32213224?
32313323
In base 10, what is 33 + 1455470?
1455503
In base 10, what is 73129 - -57?
73186
In base 11, what is -2282 - 61731?
-63a03
In base 12, what is 84629 - 396?
84253
In base 11, what is 25 - -4a8383a?
4a83864
In base 14, what is 5d3787 + 22?
5d37a9
In base 11, what is 5 + 817141?
817146
In base 6, what is 44321 + 1341?
50102
In base 5, what is 4022241024401 - 0?
4022241024401
In base 16, what is 1 + -1c8fec8?
-1c8fec7
In base 9, what is 182236702 - -1?
182236703
In base 14, what is 1 + -778cab?
-778caa
In base 4, what is -133222112001 - 1?
-133222112002
In base 8, what is 0 + -321275663?
-321275663
In base 6, what is -34 - -313322024?
313321550
In base 16, what is 77158 - 56?
77102
In base 11, what is -311686830 - 4?
-311686834
In base 13, what is -457c2278 + -2?
-457c227a
In base 4, what is -10 + 130123021130?
130123021120
In base 14, what is 9719 - -10db?
a816
In base 3, what is 1011 + 20010000100?
20010001111
In base 14, what is 61 - 831c?
-829b
In base 15, what is -9a + 484233?
484188
In base 12, what is 8b7314 - -1a5?
8b74b9
In base 9, what is -333 + -2636268?
-2636612
In base 15, what is -d - 609c8?
-609d6
In base 11, what is 1319367 + 2?
1319369
In base 5, what is -1120004214 + 102?
-1120004112
In base 14, what is 5 - 795b53?
-795b4c
In base 3, what is 221011 + 20111111102?
20112102120
In base 7, what is 34605342 + 5?
34605350
In base 8, what is -2 - -20024562?
20024560
In base 10, what is 450 + 177614?
178064
In base 15, what is -b742 + 375?
-b3bc
In base 13, what is -11 + 246400?
2463bc
In base 3, what is 10212002 - 222020011?
-211101002
In base 4, what is 1213231302 - 132?
1213231110
In base 16, what is a2 + -138756?
-1386b4
In base 2, what is 10000011011100010110 + -100001?
10000011011011110101
In base 8, what is 26050 - 1250?
24600
In base 16, what is -29f8 + 136?
-28c2
In base 6, what is 400113342 - -133?
400113515
In base 10, what is -338 + 104369?
104031
In base 7, what is -651 - 12631203?
-12632154
In base 6, what is -15344 + 2405?
-12535
In base 10, what is 5 - 2834607?
-2834602
In base 10, what is 175835 - 5?
175830
In base 5, what is 232232 + 2441?
240223
In base 4, what is 3 - 130031033?
-130031030
In base 9, what is 2370510 + 5?
2370515
In base 3, what is 102220 - -1211120001?
12112